{"id":82,"date":"2014-10-11T10:19:25","date_gmt":"2014-10-11T10:19:25","guid":{"rendered":"http:\/\/linux\/?page_id=82"},"modified":"2023-07-06T15:18:48","modified_gmt":"2023-07-06T13:18:48","slug":"kredit-finanzierung","status":"publish","type":"page","link":"https:\/\/www.candor-beratung.de\/?page_id=82","title":{"rendered":"Kredit &#038; Finanzierung"},"content":{"rendered":"<p>Gerne unterst\u00fctzen wir Sie in den folgenden Bereichen:<\/p>\n<h4>Private Kredite<\/h4>\n<p><strong><a href=\"https:\/\/www.procheck24.de\/einsurance\/csp\/doHomepageEntry.do?cspident=5BF59ECB24DF9A494427A7CF8A4B348E&amp;p=1\" target=\"_blank\" rel=\"noopener\">\u00bb Onlinekreditrechner<\/a><\/strong><br \/>\nWir weisen Sie ausdr\u00fccklich darauf hin, dass Sie nun auf eine Seite eines externen Anbieters weitergeleitet werden.<\/p>\n<h4>Baufinanzierung<\/h4>\n<p>Realisieren Sie ihren Traum vom Eigenheim ohne Risiko. Weder in der Erwerbs- noch in der Nutzungsphase. Daher ist das Einbeziehen der unterschiedlichsten Komponenten sehr wichtig.<\/p>\n<ul>\n<li>Wie hoch ist die monatliche Belastung (inklusive der Nebenkosten)?<\/li>\n<li>Wie lange zahle ich die Raten meiner Finanzierung (auch nach der Zinsbindung)?<\/li>\n<li>Wie sch\u00fctze ich mein Eigentum vor (Bau)-Sch\u00e4den?<\/li>\n<li>Wie garantiere ich die Zahlung meiner Finanzierungsrate \u00fcber die gesamte Laufzeit (auch wenn Arbeitslosigkeit, Familienzuwachs oder eine Trennung bevorsteht)?<\/li>\n<li>Wie zahle ich mein Eigenheim im Falle einer schweren Krankheit oder eines Todesfalles ab (ohne dass mir eine Zwangsversteigerung droht)?<\/li>\n<li>\u2026<\/li>\n<\/ul>\n<p>Wenn Sie diese oder auch andere Fragen besch\u00e4ftigen nutzen Sie einfach unser Expertennetzwerk der Candor Beratungsgesellschaft mbH, welches Ihnen f\u00fcr Versicherungs- und Finanzierungsfragen t\u00e4glich und praxisnah zur Verf\u00fcgung steht.<\/p>\n","protected":false},"excerpt":{"rendered":"<p>Gerne unterst\u00fctzen wir Sie in den folgenden Bereichen: Private Kredite \u00bb Onlinekreditrechner Wir weisen Sie ausdr\u00fccklich darauf hin, dass Sie nun auf eine Seite eines externen Anbieters weitergeleitet werden. Baufinanzierung Realisieren Sie ihren Traum vom Eigenheim ohne Risiko. Weder in &hellip; <a href=\"https:\/\/www.candor-beratung.de\/?page_id=82\">Weiterlesen <span class=\"meta-nav\">&rarr;<\/span><\/a><\/p>\n","protected":false},"author":2,"featured_media":0,"parent":48,"menu_order":0,"comment_status":"closed","ping_status":"closed","template":"","meta":[],"_links":{"self":[{"href":"https:\/\/www.candor-beratung.de\/index.php?rest_route=\/wp\/v2\/pages\/82"}],"collection":[{"href":"https:\/\/www.candor-beratung.de\/index.php?rest_route=\/wp\/v2\/pages"}],"about":[{"href":"https:\/\/www.candor-beratung.de\/index.php?rest_route=\/wp\/v2\/types\/page"}],"author":[{"embeddable":true,"href":"https:\/\/www.candor-beratung.de\/index.php?rest_route=\/wp\/v2\/users\/2"}],"replies":[{"embeddable":true,"href":"https:\/\/www.candor-beratung.de\/index.php?rest_route=%2Fwp%2Fv2%2Fcomments&post=82"}],"version-history":[{"count":10,"href":"https:\/\/www.candor-beratung.de\/index.php?rest_route=\/wp\/v2\/pages\/82\/revisions"}],"predecessor-version":[{"id":496,"href":"https:\/\/www.candor-beratung.de\/index.php?rest_route=\/wp\/v2\/pages\/82\/revisions\/496"}],"up":[{"embeddable":true,"href":"https:\/\/www.candor-beratung.de\/index.php?rest_route=\/wp\/v2\/pages\/48"}],"wp:attachment":[{"href":"https:\/\/www.candor-beratung.de\/index.php?rest_route=%2Fwp%2Fv2%2Fmedia&parent=82"}],"curies":[{"name":"wp","href":"https:\/\/api.w.org\/{rel}","templated":true}]}}