{"id":5,"date":"2014-09-04T19:30:49","date_gmt":"2014-09-04T19:30:49","guid":{"rendered":"http:\/?page_id=2"},"modified":"2021-06-15T14:54:24","modified_gmt":"2021-06-15T12:54:24","slug":"unternehmen","status":"publish","type":"page","link":"https:\/\/www.candor-beratung.de\/?page_id=5","title":{"rendered":"Unternehmen"},"content":{"rendered":"<p>Seit der Unternehmensgr\u00fcndung sind Solidit\u00e4t und Individualit\u00e4t unsere zentralen Werte der Candor Beratungsgesellschaft mbH. Als wichtigste Konstante unserer Unternehmensphilosophie bilden sie die Grundlage f\u00fcr den finanziellen Schutz unserer Kunden, weil der Bedarf an einer kompetenten, individuellen, flexiblen und soliden Finanzberatung st\u00e4ndig steigt. Unsere Pr\u00e4misse: Experten unterst\u00fctzen unsere Kunden bei der Realisierung ihrer W\u00fcnsche und Ziele.<\/p>\n<p>Das war und ist unser Anspruch, der zur Gr\u00fcndung der Candor Beratungsgesellschaft mbH f\u00fchrte.<\/p>\n<p>Aufgrund zufriedener Kunden und vieler Empfehlungen f\u00fchlen wir uns gest\u00e4rkt, den Weg einer fairen, offenen und individuellen Beratung in Zukunft konsequent fortzuf\u00fchren.<\/p>\n","protected":false},"excerpt":{"rendered":"<p>Seit der Unternehmensgr\u00fcndung sind Solidit\u00e4t und Individualit\u00e4t unsere zentralen Werte der Candor Beratungsgesellschaft mbH. Als wichtigste Konstante unserer Unternehmensphilosophie bilden sie die Grundlage f\u00fcr den finanziellen Schutz unserer Kunden, weil der Bedarf an einer kompetenten, individuellen, flexiblen und soliden Finanzberatung &hellip; <a href=\"https:\/\/www.candor-beratung.de\/?page_id=5\">Weiterlesen <span class=\"meta-nav\">&rarr;<\/span><\/a><\/p>\n","protected":false},"author":2,"featured_media":0,"parent":0,"menu_order":0,"comment_status":"closed","ping_status":"closed","template":"","meta":[],"_links":{"self":[{"href":"https:\/\/www.candor-beratung.de\/index.php?rest_route=\/wp\/v2\/pages\/5"}],"collection":[{"href":"https:\/\/www.candor-beratung.de\/index.php?rest_route=\/wp\/v2\/pages"}],"about":[{"href":"https:\/\/www.candor-beratung.de\/index.php?rest_route=\/wp\/v2\/types\/page"}],"author":[{"embeddable":true,"href":"https:\/\/www.candor-beratung.de\/index.php?rest_route=\/wp\/v2\/users\/2"}],"replies":[{"embeddable":true,"href":"https:\/\/www.candor-beratung.de\/index.php?rest_route=%2Fwp%2Fv2%2Fcomments&post=5"}],"version-history":[{"count":3,"href":"https:\/\/www.candor-beratung.de\/index.php?rest_route=\/wp\/v2\/pages\/5\/revisions"}],"predecessor-version":[{"id":473,"href":"https:\/\/www.candor-beratung.de\/index.php?rest_route=\/wp\/v2\/pages\/5\/revisions\/473"}],"wp:attachment":[{"href":"https:\/\/www.candor-beratung.de\/index.php?rest_route=%2Fwp%2Fv2%2Fmedia&parent=5"}],"curies":[{"name":"wp","href":"https:\/\/api.w.org\/{rel}","templated":true}]}}