{"id":48,"date":"2014-09-15T20:20:36","date_gmt":"2014-09-15T20:20:36","guid":{"rendered":"http:\/\/linux\/?page_id=48"},"modified":"2014-12-20T02:46:56","modified_gmt":"2014-12-20T01:46:56","slug":"dienstleistungen","status":"publish","type":"page","link":"https:\/\/www.candor-beratung.de\/?page_id=48","title":{"rendered":"Dienstleistungen"},"content":{"rendered":"<p>Versicherungen, Kapitalanlagen oder Finanzierungen sind so individuell wie ein jeder Mensch selbst. Darum entwickeln wir mit Ihnen spezifische L\u00f6sungen f\u00fcr Ihren privaten Haushalt oder Ihren Gewerbebetrieb und unterst\u00fctzen Sie in der Analyse Ihrer aktuellen, einzigartigen und pers\u00f6nlichen Situation.<\/p>\n<p>Gerne beraten wir Sie u.A. in den folgenden Themen:<\/p>\n<p><a href=\"http:\/\/www.candor-beratung.de\/?page_id=72\" title=\"Altersvorsorge\">\u00bb Generationen\u00fcbergreifende Altersvorsorge<\/a><br \/>\n<a href=\"http:\/\/www.candor-beratung.de\/?page_id=75\" title=\"Versicherungen\">\u00bb Gesundheitsvorsorge<\/a><br \/>\n<a href=\"http:\/\/www.candor-beratung.de\/?page_id=75\" title=\"Versicherungen\">\u00bb Versicherungsl\u00f6sungen<\/a><br \/>\n<a href=\"http:\/\/www.candor-beratung.de\/?page_id=78\" title=\"Verm\u00f6gen\">\u00bb Verm\u00f6gensbildung<\/a><br \/>\n<a href=\"http:\/\/www.candor-beratung.de\/?page_id=82\" title=\"Kredit &#038; Finanzierung\">\u00bb Finanzierungen<\/a><br \/>\nuvm&#8230;<\/p>\n","protected":false},"excerpt":{"rendered":"<p>Versicherungen, Kapitalanlagen oder Finanzierungen sind so individuell wie ein jeder Mensch selbst. Darum entwickeln wir mit Ihnen spezifische L\u00f6sungen f\u00fcr Ihren privaten Haushalt oder Ihren Gewerbebetrieb und unterst\u00fctzen Sie in der Analyse Ihrer aktuellen, einzigartigen und pers\u00f6nlichen Situation. Gerne beraten &hellip; <a href=\"https:\/\/www.candor-beratung.de\/?page_id=48\">Weiterlesen <span class=\"meta-nav\">&rarr;<\/span><\/a><\/p>\n","protected":false},"author":2,"featured_media":0,"parent":0,"menu_order":0,"comment_status":"closed","ping_status":"closed","template":"","meta":[],"_links":{"self":[{"href":"https:\/\/www.candor-beratung.de\/index.php?rest_route=\/wp\/v2\/pages\/48"}],"collection":[{"href":"https:\/\/www.candor-beratung.de\/index.php?rest_route=\/wp\/v2\/pages"}],"about":[{"href":"https:\/\/www.candor-beratung.de\/index.php?rest_route=\/wp\/v2\/types\/page"}],"author":[{"embeddable":true,"href":"https:\/\/www.candor-beratung.de\/index.php?rest_route=\/wp\/v2\/users\/2"}],"replies":[{"embeddable":true,"href":"https:\/\/www.candor-beratung.de\/index.php?rest_route=%2Fwp%2Fv2%2Fcomments&post=48"}],"version-history":[{"count":7,"href":"https:\/\/www.candor-beratung.de\/index.php?rest_route=\/wp\/v2\/pages\/48\/revisions"}],"predecessor-version":[{"id":339,"href":"https:\/\/www.candor-beratung.de\/index.php?rest_route=\/wp\/v2\/pages\/48\/revisions\/339"}],"wp:attachment":[{"href":"https:\/\/www.candor-beratung.de\/index.php?rest_route=%2Fwp%2Fv2%2Fmedia&parent=48"}],"curies":[{"name":"wp","href":"https:\/\/api.w.org\/{rel}","templated":true}]}}